467907?
False
Is 26554506 a multiple of 11?
True
Is 5 a factor of 139940?
True
Does 382 divide 544350?
True
Is 17 a factor of 1879180?
True
Is 271872 a multiple of 150?
False
Is 4872750 a multiple of 445?
True
Is 843 a factor of 417285?
True
Is 1016561 a multiple of 432?
False
Does 15 divide 76215?
True
Is 5 a factor of 39388?
False
Is 1153614 a multiple of 594?
False
Does 106 divide 3130291?
False
Does 77 divide 118349?
True
Is 29 a factor of 632979?
False
Is 15565882 a multiple of 52?
False
Is 300 a factor of 40500?
True
Is 122753 a multiple of 55?
False
Does 7 divide 21231?
True
Does 8 divide 9600?
True
Does 20 divide 81639?
False
Is 92533 a multiple of 737?
False
Does 54 divide 2792464?
False
Is 432997 a multiple of 328?
False
Is 622440 a multiple of 21?
True
Is 33 a factor of 203082?
True
Is 1223684 a multiple of 14?
True
Is 78 a factor of 97308?
False
Is 13648683 a multiple of 43?
False
Does 10 divide 1326163?
False
Is 3 a factor of 70858?
False
Is 64 a factor of 223626?
False
Is 62 a factor of 79918?
True
Does 110 divide 7059250?
True
Is 27 a factor of 402624?
True
Does 5 divide 582255?
True
Is 70 a factor of 827260?
True
Is 2846730 a multiple of 79?
False
Does 291 divide 9816012?
True
Does 28 divide 8800596?
True
Is 44 a factor of 1537337?
False
Is 7 a factor of 51093?
True
Is 268 a factor of 2227966?
False
Does 6 divide 111030?
True
Is 285 a factor of 3823275?
True
Is 9 a factor of 80433?
True
Is 111 a factor of 1843242?
False
Is 405 a factor of 298890?
True
Does 28 divide 921707?
False
Does 2535 divide 31756211?
False
Is 4027672 a multiple of 1237?
True
Is 589396 a multiple of 306?
False
Is 97 a factor of 156752?
True
Does 41 divide 374345?
False
Is 14 a factor of 10442?
False
Does 45 divide 542925?
True
Is 1704177 a multiple of 7?
False
Is 44 a factor of 124191?
False
Is 23398 a multiple of 11?
False
Is 102 a factor of 330674?
False
Does 24 divide 2685035?
False
Does 480 divide 5824169?
False
Does 7 divide 78428?
True
Is 37269 a multiple of 369?
True
Is 3125687 a multiple of 613?
True
Is 118 a factor of 671420?
True
Does 231 divide 7685832?
True
Is 160830 a multiple of 12?
False
Is 56 a factor of 114576?
True
Is 2124446 a multiple of 45?
False
Does 7 divide 595014?
True
Is 870571 a multiple of 13?
True
Is 187469 a multiple of 19?
False
Is 31 a factor of 1575439?
False
Is 9566203 a multiple of 61?
True
Is 261 a factor of 94792?
False
Does 144 divide 368707?
False
Is 409944 a multiple of 7?
False
Does 24 divide 923075?
False
Does 81 divide 332714?
False
Is 560 a factor of 10116162?
False
Is 95 a factor of 8909693?
False
Is 198624 a multiple of 18?
False
Is 35995 a multiple of 115?
True
Is 61227 a multiple of 9?
True
Is 4707045 a multiple of 27?
True
Is 199 a factor of 372130?
True
Is 180 a factor of 327850?
False
Does 556 divide 578240?
True
Does 718 divide 5239455?
False
Is 882080 a multiple of 39?
False
Is 22 a factor of 47212?
True
Is 305 a factor of 78878?
False
Is 5 a factor of 223275?
True
Is 13 a factor of 737919?
True
Is 7 a factor of 193702?
False
Is 64979 a multiple of 86?
False
Does 161 divide 479898?
False
Is 4088978 a multiple of 120?
False
Does 19 divide 2646206?
True
Does 151 divide 215930?
True
Does 12 divide 103536?
True
Is 13 a factor of 70197?
False
Is 160069 a multiple of 460?
False
Is 8 a factor of 1374086?
False
Is 28950 a multiple of 5?
True
Does 53 divide 1543148?
True
Is 1581454 a multiple of 7?
True
Is 69308 even?
True
Does 65 divide 4955112?
False
Is 13 a factor of 74783?
False
Is 308580 a multiple of 12?
True
Is 3 a factor of 21546?
True
Is 10734831 a multiple of 9?
True
Is 38 a factor of 1721590?
True
Is 771523 a multiple of 89?
False
Is 356121 a multiple of 150?
False
Is 1391303 a multiple of 53?
True
Is 128 a factor of 63460?
False
Is 2154741 a multiple of 8?
False
Does 657 divide 10212797?
False
Is 13 a factor of 1240278?
True
Is 103294 a multiple of 2?
True
Is 14 a factor of 895311?
False
Is 1049201 a multiple of 319?
False
Is 70656 a multiple of 8?
True
Does 56 divide 393904?
True
Is 112914 a multiple of 459?
True
Does 477 divide 851191?
False
Is 17 a factor of 45322?
True
Does 7 divide 6373?
False
Is 284852 a multiple of 14?
False
Is 591 a factor of 7232925?
False
Is 238897 a multiple of 17?
False
Does 6 divide 393442?
False
Is 35224 a multiple of 2?
True
Is 1237094 a multiple of 431?
False
Is 2967294 a multiple of 50?
False
Is 8080277 a multiple of 3?
False
Is 2832457 a multiple of 753?
False
Is 266 a factor of 243922?
True
Does 84 divide 2606268?
True
Is 32536 a multiple of 83?
True
Is 180623 a multiple of 2?
False
Is 274 a factor of 2682782?
False
Does 137 divide 265968?
False
Does 33 divide 61809?
True
Does 33 divide 35244?
True
Is 8 a factor of 1456?
True
Does 58 divide 16066504?
False
Is 557647 a multiple of 9?
False
Does 113 divide 1880998?
True
Is 7 a factor of 88578?
True
Is 18 a factor of 14146065?
False
Does 21 divide 310822?
False
Does 16 divide 604650?
False
Is 63 a factor of 290997?
True
Is 784 a factor of 1714520?
False
Is 54504 a multiple of 4?
True
Is 22 a factor of 806385?
False
Is 10 a factor of 127460?
True
Is 27 a factor of 2268731?
False
Is 21536062 a multiple of 118?
True
Does 10 divide 2127627?
False
Does 381 divide 445217?
False
Is 10950620 a multiple of 127?
False
Does 319 divide 198660?
False
Is 3828396 a multiple of 1164?
True
Does 55 divide 15705635?
True
Is 26 a factor of 159422?
False
Is 184 a factor of 15584212?
False
Is 58 a factor of 1047596?
True
Is 41 a factor of 122754?
True
Is 20 a factor of 1024357?
False
Is 33 a factor of 38082?
True
Is 274 a factor of 105703?
False
Is 14 a factor of 186357?
False
Does 86 divide 612468?
False
Is 4516410 a multiple of 453?
True
Is 8 a factor of 3386640?
True
Is 400769 a multiple of 116?
False
Does 196 divide 16216?
False
Does 40 divide 2272106?
False
Does 215 divide 7651205?
True
Is 80401 a multiple of 3?
False
Does 21 divide 4693962?
True
Is 130 a factor of 632320?
True
Is 119 a factor of 103173?
True
Is 867750 a multiple of 13?
True
Does 166 divide 9077627?
False
Is 27 a factor of 2737948?
False
Does 53 divide 2698760?
True
Does 69 divide 95093?
False
Is 11 a factor of 7948996?
True
Is 72 a factor of 9050379?
False
Does 56 divide 577317?
False
Is 33558 a multiple of 21?
True
Does 73 divide 2789953?
False
Is 1957032 a multiple of 18?
True
Is 116650 a multiple of 50?
True
Is 232 a factor of 77024?
True
Is 79500 a multiple of 106?
True
Is 141480 a multiple of 15?
True
Is 3375630 a multiple of 5?
True
Is 786491 a multiple of 11?
False
Is 174639 a multiple of 53?
False
Is 600114 a multiple of 267?
False
Does 68 divide 453946?
False
Is 18156 a multiple of 167?
False
Is 87 a factor of 1661004?
True
Does 12 divide 94547?
False
Does 21 divide 135125?
False
Is 11 a factor of 3385932?
True
Does 56 divide 13900838?
False
Is 1434425 a multiple of 6?
False
Does 8 divide 222073?
False
Does 7 divide 120967?
True
Does 123 divide 3874431?
False
Is 8518 even?
True
Does 257 divide 78915?
False
Is 11970155 a multiple of 14?
False
Is 3 a factor of 13207?
False
Is 5 a factor of 3932029?
False
Does 195 divide 329355?
True
Is 1754000 a multiple of 100?
True
Is 883 a factor of 1601237?
False
Does 18 divide 1563588?
True
Is 6 a factor of 151578?
True
Is 8265754 a multiple of 58?
True
Does 31 divide 661062?
False
Is 6 a factor of 56646?
True
Is 151 a factor of 9418?
False
Does 47 divide 9118?
True
Is 3 a factor of 47681?
False
Is 24 a factor of 5583528?
True
Is 340476 a multiple of 17?
True
Is 110947 a multiple of 139?
False
Is 1724786 a multiple of 290?
False
Is 135 a factor of 349209?
False
Is 51 a factor of 373830?
True
Does 448 divide 16863616?
True
Is 252 a factor of 158508?
True
Does 97 divide 9688166?
True
Is 36 a factor of 4068?
True
Is 13 a factor of 68120?
True
Does 272 divide 240337?
False
Does 8 divide 216872?
True
Is 98 a factor of 124463?
False
Does 40 divide 271519?
False
Is 66456 a multiple of 4?
True
Does 5 divide 223603?
False
Is 11732729 a multiple of 288?
False
Is 8 a factor of 67993?
False
Does 316 divide 7762187?
False
Is 170126 a multiple of 38?
True
Does 535 divide 1494706?
False
Is 1496838 a multiple of 471?
True
Does 17 divide 285141?
True
Is 65 a factor of 1500395?
True
Is 2493135 a multiple of 153?
True
Is 131 a factor of